*m + 9. Let v be j(7). Is 4 a factor of n(v)?
True
Let i(l) = -5*l**3 + 2*l**2 - 5*l - 3. Is i(-3) a multiple of 39?
False
Let o(j) = -3*j + 2. Let w be o(-2). Suppose 2*k + w = 3*k. Is 3 a factor of (k - -2) + 2 - 1?
False
Suppose 2*c - 3*c = -33. Let u = c - 20. Is u a multiple of 13?
True
Let l(u) = 21*u**2 - u + 1. Let p be l(-2). Let t = 275 - 152. Let z = t - p. Does 12 divide z?
True
Suppose 2*m + 2*m - 20 = 0. Is 5 a factor of m?
True
Let t = -5 - -5. Suppose t*k - k + 6 = 0. Is 19 a factor of 345/9 + (-2)/k?
True
Let p(q) = q**3 - 3*q**2 - 4*q - 2. Let v be p(4). Let g be 204/28 + v/7. Is 4 a factor of 6/(-8)*(-1 - g)?
False
Let v(r) = r + 1. Let h(o) = 3*o**3 - 4*o - 5. Let l(g) = h(g) + 4*v(g). Let n be l(1). Suppose -4*a = -n*q - 3*q - 3, 4*a - 4*q = 8. Is 7 a factor of a?
True
Let l be (2/(-6))/(6/(-90)). Suppose 67 + 68 = 5*j + l*d, -3 = d. Is j a multiple of 10?
True
Let p = -19 + 38. Let y be (-5)/(-2 - (-5)/2). Let k = p + y. Is 9 a factor of k?
True
Suppose -3*y + 7*f = 3*f + 10, 0 = y + f + 8. Let c(q) be the first derivative of -q**4/4 - 7*q**3/3 - 9*q**2/2 - q - 1. Is c(y) a multiple of 17?
True
Let i be ((-13)/2 - 0)*-2. Let c be (-2)/12 + i/6. Suppose 2*q = -4*d - 8, -3*q - c*d + 8 = q. Does 2 divide q?
True
Let p be (-3 - (-2)/4)*-2. Let f = p - 2. Is f even?
False
Suppose 4 = -w + 6. Suppose 4*p - w*p = 10. Does 4 divide p?
False
Let g(d) = -d**3 - 12*d**2 + 12*d + 14. Let v be g(-10). Is v/(-7) - (-18)/63 a multiple of 11?
True
Suppose 4*i + 72 = 3*n, n = -5*i + 49 - 6. Suppose a + 4*q + 0*q = n, -44 = -3*a - 2*q. Suppose a = 3*p + 3. Is 2 a factor of p?
False
Is 3/(11/2 + -4) a multiple of 2?
True
Suppose z - 43 = -5. Is z a multiple of 3?
False
Let u(l) = -l + 6. Let a be u(6). Let v(w) = w + 12. Let f be v(a). Suppose -4*p = -0*p - f. Is 2 a factor of p?
False
Let f = -1745 - -2615. Suppose -2*j = -c + 27, 5*c - 27 = 4*c - 2*j. Does 16 divide f/c - 4/18?
True
Is 8 a factor of 3/12 - (-254)/8?
True
Suppose -2*x = -5*x + 18. Let o = 69 + x. Does 25 divide o?
True
Let v(h) = 2*h**2 - 6*h - 3*h**2 - 4 + 3*h**2 - 3. Does 10 divide v(6)?
False
Let z be (-6)/(6/(-3)) + 59. Is 14 a factor of z + (-2 - (2 - 6))?
False
Is 22 a factor of ((-308)/(-42))/(1/12)?
True
Let a(w) = -2*w - w**2 + 2 - w + 0*w**2. Is a(-2) a multiple of 2?
True
Let a = 60 + -36. Is 12 a factor of a?
True
Let k be (-134)/(-6) - 5/15. Let f = 4 - k. Does 15 divide -10*-1*f/(-4)?
True
Suppose 4*y = -4*q + 108, -q = 4*q - 5*y - 165. Suppose 3*c + 4*d - q = 0, 5*d + 5 = 4*c - 4. Is 6 a factor of c?
True
Let y(o) = o**3 - 2*o**2 + 2. Let l be y(2). Let q(u) = -24*u - 4. Let a be q(-4). Suppose -l*v + a = 2*v. Is 8 a factor of v?
False
Suppose 5*h - b - b - 267 = 0, 4*h = -3*b + 209. Is h a multiple of 53?
True
Let u = -18 - -37. Suppose b + 2 + u = 0. Let w = b - -34. Is 13 a factor of w?
True
Let p = 17 + -11. Suppose 0 = p*d - 4*d - 56. Does 14 divide d?
True
Suppose 15 = -3*x - 5*d, 5*x = x + 5*d - 55. Suppose -4*n = n - 55. Does 19 divide 207/n - x/55?
True
Let a be (-78)/(1 + -4) - -2. Suppose -4*l = -0*d + d - a, -5*d + 2*l = -228. Suppose j + 1 = 0, k = 4*j + j + d. Does 15 divide k?
False
Suppose 0 = -5*i - 5*p + 25, p = 3*i + 2*p - 7. Suppose -19 = -4*u - 3*a, 4*u - 3*a + 2*a + i = 0. Suppose u - 29 = -4*m. Is m a multiple of 7?
True
Let p(g) = -7*g**3 + 2*g**2 + g - 2. Let b be p(-2). Suppose 3*w = 2*o - b, 0 = -3*w - 2*w + 10. Does 10 divide o?
False
Suppose 2*x - u - 6 = 0, 3*x - 15 = -5*u + 20. Suppose 4*f = 3 + x. Suppose -5*o = -f*o - 84. Does 13 divide o?
False
Suppose -6 + 16 = 2*k, -3*k + 126 = 3*g. Does 12 divide g?
False
Suppose 2*s + 112 = 4*o, -3*o - s - 2*s + 75 = 0. Does 9 divide o?
True
Let c(f) = 166*f**3 + 4*f - 4. Is 11 a factor of c(1)?
False
Let m(i) = i**2 + 23*i + 20. Is 2 a factor of m(-23)?
True
Let q(l) = l + 33. Let t(o) = o - 7. Let r be t(7). Let i be q(r). Suppose 2*b - 9 - i = -3*f, b + 42 = 3*f. Does 4 divide f?
False
Suppose 3*c - 4*n + 0*n - 36 = 0, -n = -4*c + 48. Let f = c - 7. Suppose 0 = -4*d - 5*r + 53, -f*r + 3 = -2. Is d a multiple of 10?
False
Suppose 5*x = 4*h + 58, -h + 31 = x + x. Is 9 a factor of x?
False
Does 14 divide (-328)/(-4) - (0 - 0)?
False
Suppose -216 - 139 = -4*z - 5*a, 25 = -5*a. Is z a multiple of 25?
False
Let t(z) = -2*z + 1. Let y be -1 - -1 - (-1)/(-1). Let k be t(y). Suppose k*o - 36 = o. Is o a multiple of 9?
True
Is (-2)/(4 - 6)*18 a multiple of 3?
True
Let d(m) = -m**3 - 8*m**2 + 9*m + 6. Let s be 1 - (10*3)/3. Is 3 a factor of d(s)?
True
Suppose -4*x - 3*v = -5*v - 10, -2*v - 10 = 0. Suppose w - 2 - 7 = x. Suppose w = 2*r - r. Is 4 a factor of r?
False
Let h(j) = j**2 - 17*j - 13. Let i(y) = y**2 - 9*y - 7. Let b(o) = -6*h(o) + 11*i(o). Let m be b(-2). Suppose m = 3*x - 6. Is x a multiple of 3?
False
Let o(t) = 4*t**2 + 14*t + 7. Does 16 divide o(-6)?
False
Let z be (-99)/15 + (-4)/10. Let x = 11 + z. Suppose 15 = n - x. Is n a multiple of 6?
False
Let o be -1 - -4 - (0 - 0). Suppose o*r + 5 = -j, j + 5*r = -3*j + 15. Is 10 a factor of j?
True
Let z = 26 + -3. Suppose 1 = -p + 3*j + 15, -4*p + j = -z. Suppose -p*q + 46 + 54 = 0. Is 10 a factor of q?
True
Let z = 164 + -104. Is 15 a factor of 38/((-8)/z*-5)?
False
Suppose -a = 3*a + 8, 4*a + 33 = 5*m. Suppose 2 = -m*k + 17. Suppose -k - 3 = -v. Is 6 a factor of v?
True
Suppose -33 = -2*l + 41. Is 8 a factor of l?
False
Let t(f) = -2*f**2 + 9*f + 4. Let k be t(7). Let y = 46 + k. Is y even?
False
Let j = 91 + 59. Is j a multiple of 14?
False
Suppose -11 = -4*k + 1. Suppose k*o - 4 = -o, 26 = 3*d - o. Is d a multiple of 9?
True
Let o be (1/(-3))/((-1)/(-15)). Let p = 10 + o. Is (-6)/(-15) + 48/p a multiple of 10?
True
Suppose -4*w - 5*b + 82 = 0, 72 = 4*w - 5*b + 10. Suppose -y + 2*y - w = 0. Is y a multiple of 6?
True
Let m(u) = -218*u - 2. Let o be m(-3). Does 9 divide o/16 - (-2)/8?
False
Suppose -21 - 9 = 5*c. Does 17 divide c*-2*68/12?
True
Let u(q) = 4*q - 3. Is 7 a factor of u(3)?
False
Let r be (2/(-3))/(3/(-54)). Suppose -v + 7 = -r. Is v a multiple of 19?
True
Let i = -4 + 31. Suppose 0 = 3*u - i - 33. Does 20 divide u?
True
Suppose m - 3*o = -m + 3, 3*o = m - 9. Let y = m - -7. Let k(r) = 5*r**3 - r. Does 2 divide k(y)?
True
Suppose 4*x - 3*z - 256 = 91, 339 = 4*x + 5*z. Let s = x - 38. Does 8 divide s?
True
Let u(x) = -x**2 - 7*x + 2. Let f be u(-7). Suppose f*z - 10 = z. Suppose -2*b + z = -0. Is b even?
False
Suppose -2*s = 3*s - 70. Is 4 a factor of s?
False
Let a be ((-8)/20)/((-1)/55). Suppose -a - 12 = -2*m. Does 17 divide m?
True
Let w(q) = -3*q. Is w(-11) a multiple of 4?
False
Let a(i) = -i + 3. Let v be a(6). Let h be 77 + -1 + (-1 - v). Is ((-2)/(-4))/(3/h) a multiple of 8?
False
Suppose 0 = -4*k + 2*s - s + 1081, -4*k + 4*s + 1084 = 0. Is k a multiple of 45?
True
Suppose i - 15 = 38. Let q = i - 36. Is q a multiple of 17?
True
Suppose -24*m + 1390 = -14*m. Does 16 divide m?
False
Suppose 2*b - 2*j - 78 = 0, 2*j - 3*j = 0. Does 16 divide b?
False
Suppose -5*x - 3*s + 165 = 0, 66 = -3*x - s + 169. Is 12 a factor of x?
True
Let b = -1 - -2. Let c be 1/((-1)/(2/b)). Is (c/6)/(5/(-105)) a multiple of 2?
False
Suppose w - 183 - 63 = 0. Is w a multiple of 19?
False
Let r(i) be the third derivative of -5*i**4/3 - 2*i**2. Let z be r(-3). Suppose 0 = 4*h - z + 16. Is 9 a factor of h?
False
Let l(r) = 0 - 2*r + 9*r**2 + 0 - 2. Does 18 divide l(-2)?
False
Suppose -4*p - 4 - 8 = -4*a, -4*a + 12 = 2*p. Suppose 13 = 3*o - a*w - 8, -w + 5 = 3*o. Suppose -o*u = -25 - 44. Is 12 a factor of u?
False
Suppose -2*m - 5*z = -423, 3*z + 351 = -4*m + 1162. Is m a multiple of 17?
False
Let y = -20 - -29. Suppose x - 12 = -y. Is x a multiple of 2?
False
Let y(v) = -9*v + 8*v + 14*v + 4*v. Is y(2) a multiple of 17?
True
Let i = 119 - 105. Is i a multiple of 14?
True
Let d be 9/(-6)*(-8)/(-3). Let v = d - -9. Suppose 2 = m - v. Is m a multiple of 7?
True
Suppose -7*m - 84 = -8*m. Does 21 divide m?
True
Suppose x = 9 - 2. Is 7 a factor of x?
True
Does 7 divide 158/3 + 8/(-12)?
False
Let g(r) = r**3 - 13*r**2 - 12*r - 23. Is g(14) a multiple of 5?
True
Let i be (-4)/(-5) + (-1)/(-5). Let t be 30 + i - (-2)/2. Suppose 2*p - 4 = -2*y + 12, -5*p - y = -t. Does 4 divide p?
False
Suppose -4*z - 8 = -28, 2*o + 5*z = 29. Suppose -o*f + 86 = 4*